{"id":533,"date":"2013-08-15T00:17:30","date_gmt":"2013-08-14T22:17:30","guid":{"rendered":"http:\/\/jurajsabol.sk\/?page_id=533"},"modified":"2021-12-04T19:53:44","modified_gmt":"2021-12-04T17:53:44","slug":"blogy","status":"publish","type":"page","link":"https:\/\/jurajsabol.sk\/?page_id=533","title":{"rendered":"blogy"},"content":{"rendered":"<h2><a href=\"https:\/\/jurajsabol.sk\/wp-content\/uploads\/blogy.jpg\"><img loading=\"lazy\" decoding=\"async\" class=\"wp-image-534 aligncenter\" src=\"https:\/\/jurajsabol.sk\/wp-content\/uploads\/blogy-150x150.jpg\" alt=\"blogy\" width=\"90\" height=\"90\" srcset=\"https:\/\/jurajsabol.sk\/wp-content\/uploads\/blogy-150x150.jpg 150w, https:\/\/jurajsabol.sk\/wp-content\/uploads\/blogy.jpg 271w\" sizes=\"auto, (max-width: 90px) 100vw, 90px\" \/><\/a><\/h2>\n<h2>LITERAT\u00daRA AKO SIE\u0164<\/h2>\n<p>\u0161tudentsk\u00fd blog o pre\u010d\u00edtan\u00fdch liter\u00e1rnych dielach s hypertextov\u00fdmi odkazmi; v\u00fdborn\u00e1 pom\u00f4cka pri pr\u00edprave na maturitn\u00fa sk\u00fa\u0161ku, ktor\u00fa si vytv\u00e1raj\u00fa \u0161tudenti sami | <a title=\"Literat\u00fara ako sie\u0165\" href=\"http:\/\/akosiet.blogspot.sk\" target=\"_blank\" rel=\"noopener\">odkaz<\/a><\/p>\n<h2><a href=\"https:\/\/jurajsabol.sk\/wp-content\/uploads\/20130825_220850_20130825221250194.jpg\"><img loading=\"lazy\" decoding=\"async\" class=\"wp-image-589 aligncenter\" src=\"https:\/\/jurajsabol.sk\/wp-content\/uploads\/20130825_220850_20130825221250194-150x150.jpg\" alt=\"20130825_220850_20130825221250194\" width=\"90\" height=\"90\" srcset=\"https:\/\/jurajsabol.sk\/wp-content\/uploads\/20130825_220850_20130825221250194-150x150.jpg 150w, https:\/\/jurajsabol.sk\/wp-content\/uploads\/20130825_220850_20130825221250194-300x300.jpg 300w, https:\/\/jurajsabol.sk\/wp-content\/uploads\/20130825_220850_20130825221250194.jpg 480w\" sizes=\"auto, (max-width: 90px) 100vw, 90px\" \/><\/a><\/h2>\n<h2>B\u00c1SNE NA PIATOK<\/h2>\n<p>virtu\u00e1lna poli\u010dka motiva\u010dn\u00fdch audionahr\u00e1vok (heslo)\u00a0| <a title=\"B\u00e1sne na piatok\" href=\"http:\/\/napiatok.blogspot.sk\" target=\"_blank\" rel=\"noopener\">odkaz<\/a><\/p>\n<h2><a href=\"https:\/\/jurajsabol.sk\/wp-content\/uploads\/wordpress.jpg\"><img loading=\"lazy\" decoding=\"async\" class=\"wp-image-591 aligncenter\" src=\"https:\/\/jurajsabol.sk\/wp-content\/uploads\/wordpress-150x150.jpg\" alt=\"wordpress\" width=\"90\" height=\"90\" srcset=\"https:\/\/jurajsabol.sk\/wp-content\/uploads\/wordpress-150x150.jpg 150w, https:\/\/jurajsabol.sk\/wp-content\/uploads\/wordpress-300x300.jpg 300w, https:\/\/jurajsabol.sk\/wp-content\/uploads\/wordpress.jpg 357w\" sizes=\"auto, (max-width: 90px) 100vw, 90px\" \/><\/a><\/h2>\n<h2>JURAJSABOL.SK<\/h2>\n<p>m\u00f4j u\u010dite\u013esk\u00fd blog\u00a0| <a title=\"jurajsabol.sk\" href=\"https:\/\/jurajsabol.sk\/\">odkaz<\/a><\/p>\n","protected":false},"excerpt":{"rendered":"<p>LITERAT\u00daRA AKO SIE\u0164 \u0161tudentsk\u00fd blog o pre\u010d\u00edtan\u00fdch liter\u00e1rnych dielach s hypertextov\u00fdmi odkazmi; v\u00fdborn\u00e1 pom\u00f4cka pri pr\u00edprave na maturitn\u00fa sk\u00fa\u0161ku, ktor\u00fa si vytv\u00e1raj\u00fa \u0161tudenti sami | odkaz B\u00c1SNE NA PIATOK virtu\u00e1lna poli\u010dka motiva\u010dn\u00fdch audionahr\u00e1vok (heslo)\u00a0| odkaz JURAJSABOL.SK m\u00f4j u\u010dite\u013esk\u00fd blog\u00a0| odkaz<\/p>\n","protected":false},"author":1,"featured_media":0,"parent":0,"menu_order":0,"comment_status":"open","ping_status":"open","template":"","meta":{"footnotes":""},"class_list":["post-533","page","type-page","status-publish","hentry"],"_links":{"self":[{"href":"https:\/\/jurajsabol.sk\/index.php?rest_route=\/wp\/v2\/pages\/533","targetHints":{"allow":["GET"]}}],"collection":[{"href":"https:\/\/jurajsabol.sk\/index.php?rest_route=\/wp\/v2\/pages"}],"about":[{"href":"https:\/\/jurajsabol.sk\/index.php?rest_route=\/wp\/v2\/types\/page"}],"author":[{"embeddable":true,"href":"https:\/\/jurajsabol.sk\/index.php?rest_route=\/wp\/v2\/users\/1"}],"replies":[{"embeddable":true,"href":"https:\/\/jurajsabol.sk\/index.php?rest_route=%2Fwp%2Fv2%2Fcomments&post=533"}],"version-history":[{"count":10,"href":"https:\/\/jurajsabol.sk\/index.php?rest_route=\/wp\/v2\/pages\/533\/revisions"}],"predecessor-version":[{"id":7386,"href":"https:\/\/jurajsabol.sk\/index.php?rest_route=\/wp\/v2\/pages\/533\/revisions\/7386"}],"wp:attachment":[{"href":"https:\/\/jurajsabol.sk\/index.php?rest_route=%2Fwp%2Fv2%2Fmedia&parent=533"}],"curies":[{"name":"wp","href":"https:\/\/api.w.org\/{rel}","templated":true}]}}